 s(-5).
-12
Let k(m) = -3*m**2 + m - 10. What is k(0)?
-10
Let a(j) = -43*j**2 + 2*j - 1. Calculate a(1).
-42
Let b(f) = f**2 + f - 59. Calculate b(-8).
-3
Let h(o) = o**3 - 14*o**2 - 17*o + 14. Determine h(15).
-16
Let h(d) = -d**3 - d**2 + 3*d - 1. Determine h(-3).
8
Let s(p) = 2*p - 6. What is s(5)?
4
Let f(c) = 2*c**2 - 5*c + 5. Determine f(3).
8
Let n(d) = -d**3 - 6*d**2 - 4. Determine n(-6).
-4
Let x(u) = u**3 + 26*u**2 - 55*u - 7. Give x(-28).
-35
Let t(p) = 2*p**2 - 19*p + 21. Calculate t(13).
112
Let h(y) = -y + 6. Calculate h(3).
3
Let p(r) = r**3 + 21*r**2 + 20*r + 9. Determine p(-20).
9
Let z(k) = -k**2 + 2*k - 10. Determine z(0).
-10
Let h(z) = -z**3 - 2*z - 4. Determine h(0).
-4
Let f(n) = -9*n + 2. Determine f(6).
-52
Let t(h) = h**3 + h**2 - 13*h - 15. Give t(0).
-15
Let d(s) = 2*s**2 + 21*s - 14. Calculate d(-11).
-3
Let o(d) = 2*d**3 - d**2 - 2*d - 46. Determine o(0).
-46
Let a(d) = d**2 - 11*d - 1. Calculate a(7).
-29
Let t(r) = 28*r. Give t(1).
28
Let o(w) = 12*w - 85. Determine o(7).
-1
Let g(a) = a + 12. Give g(-15).
-3
Let u(n) = n**3 - 13*n**2 + 24*n - 18. What is u(11)?
4
Let f(j) = -40*j - 843. Calculate f(-21).
-3
Let t(i) = i**3 - 14*i**2 + 14*i + 6. Calculate t(13).
19
Let u(z) = -z + 14. Calculate u(10).
4
Let v(k) = -24*k - 47. Calculate v(-3).
25
Let b(j) = 7*j + 39. Calculate b(-3).
18
Let m(a) = -a**3 - 2*a**2 + 2*a + 7. Calculate m(0).
7
Let s(a) = 10*a - 15. Calculate s(6).
45
Let u(l) = 4*l**3 + 23*l**2 + 17*l + 7. Determine u(-5).
-3
Let o(m) = -m**3 - 22*m**2 + 24*m - 37. Calculate o(-23).
-60
Let z(m) = -6*m**2 + 20*m - 5. What is z(3)?
1
Let d(g) = g**3 + 12*g**2 + 13*g - 15. Determine d(-11).
-37
Let p(a) = -28*a + 126. Calculate p(5).
-14
Let b(j) = -j**3 + 4*j**2 + 5*j - 5. Determine b(6).
-47
Let i(t) = 4*t - 2. Calculate i(2).
6
Let j(p) = p**3 - 4*p**2 - 12*p - 8. Give j(7).
55
Let g(c) = 2*c**3 + 16*c**2 - 20*c - 17. Determine g(-9).
1
Let k(q) = q**2 - 18*q + 38. Calculate k(16).
6
Let b(d) = -d**2 - 17*d - 3. Give b(-14).
39
Let k(t) = t**3 + 4*t - 47. Determine k(0).
-47
Let p(n) = -n**3 + n + 7. Determine p(5).
-113
Let t(i) = 2*i**3 + 2*i - 1. Give t(1).
3
Let l(b) = -b**2 + 49*b + 271. Calculate l(54).
1
Let b(n) = n**3 - 6*n**2 + 6*n - 14. What is b(5)?
-9
Let z(d) = -d**2 - 7*d - 19. What is z(-4)?
-7
Let f(y) = y**3 - 10*y**2 - 11*y - 11. What is f(11)?
-11
Let x(k) = -k - 26. Calculate x(8).
-34
Let x(h) = -h**2 + 5*h - 9. Calculate x(2).
-3
Let k(j) = j. Calculate k(-8).
-8
Let w(r) = r**2 - r. Calculate w(1).
0
Let a(g) = -g**2 - 10*g - 31. Give a(-5).
-6
Let h(d) = 2*d**2 + 75*d - 472. What is h(-43)?
1
Let m(q) = -4*q**2 + 2. Give m(2).
-14
Let k(w) = w - 8. Give k(2).
-6
Let y(m) = m**3 - 2*m**2 - 2*m. What is y(-3)?
-39
Let u(p) = p - 1. Determine u(15).
14
Let l(z) = -11*z - 168. Determine l(-16).
8
Let k(z) = -3*z + 20. Determine k(5).
5
Let x(t) = t**2 - 15*t - 33. Calculate x(14).
-47
Let w(q) = q**2 + 2*q - 13. Determine w(-7).
22
Let d(a) = -a + 11. What is d(17)?
-6
Let o(z) = 33*z - 43. Give o(1).
-10
Let v(w) = -w**2 + 32*w - 192. Determine v(24).
0
Let u(s) = -s - 27. Determine u(0).
-27
Let q(u) = u**3 + 8*u**2 + 3*u - 5. Give q(-6).
49
Let f(r) = r**2 - 14*r + 22. Determine f(9).
-23
Let h(v) = -32*v**2 + 92*v + 14. What is h(3)?
2
Let j(y) = y**2 + 4*y - 9. Determine j(-5).
-4
Let p(v) = 4*v - 2. Determine p(-1).
-6
Let q(n) = n**3 - 19*n**2 + 52*n - 985. What is q(19)?
3
Let t(a) = -13*a + 73. Determine t(6).
-5
Let v(w) = -w**3 - 8*w**2 + 8*w - 3. Determine v(-9).
6
Let y(t) = -t**3 + 3*t**2 - 7*t + 9. Calculate y(2).
-1
Let t(l) = -l**3 - 6*l**2 + 31*l - 5. What is t(3)?
7
Let u(w) = -11*w + 23. Give u(12).
-109
Let n(s) = -s**2 + 3*s + 2. Calculate n(8).
-38
Let w(i) = i**3 + 6*i**2 + 5. Determine w(-5).
30
Let n(s) = 3*s**2 - 17*s + 7. Determine n(5).
-3
Let r(g) = g**2 - 68*g + 246. What is r(64)?
-10
Let j(m) = m**2 - 2*m. Give j(3).
3
Let j(f) = 35*f - 4. Give j(-4).
-144
Let b(c) = -c**2 - 11*c + 14. Determine b(-12).
2
Let r(h) = -3*h**2 - 26*h - 8. Calculate r(-8).
8
Let w(l) = l**3 - 8*l**2 - 10*l + 11. Determine w(9).
2
Let g(i) = -56*i - 22. Calculate g(-2).
90
Let d(q) = -8*q - 58. Calculate d(-7).
-2
Let k(g) = 3*g + 63. Determine k(-21).
0
Let v(i) = 11*i**3 + i**2 + 3*i - 5. What is v(2)?
93
Let d(a) = a**3 + 3*a**2 - 9*a. Give d(-5).
-5
Let g(l) = -2*l**2 + 9*l. Determine g(8).
-56
Let o(t) = -t**2 + 5*t + 3. What is o(3)?
9
Let y(n) = -4*n + 65. Calculate y(18).
-7
Let m(l) = -3*l - 34. Calculate m(-12).
2
Let w(h) = h**3 - 13*h**2 + 12*h. Calculate w(12).
0
Let m(d) = 2*d - 7. Give m(10).
13
Let d(m) = 12*m - 20. What is d(-10)?
-140
Let l(i) = 3*i + 4. What is l(-8)?
-20
Let z(w) = -w**2 - 3*w + 13. Calculate z(6).
-41
Let c(g) = -g**2 - 8*g - 20. Determine c(-6).
-8
Let t(r) = r**3 - 5*r**2 - 14*r + 4. What is t(7)?
4
Let m(c) = c - 15. What is m(8)?
-7
Let b(d) = d**3 + 8*d**2 + 6*d - 9. Calculate b(-6).
27
Let k(y) = 3*y + 44. Give k(20).
104
Let w(h) = -21*h**2 + 5*h + 7. Determine w(-1).
-19
Let h(i) = -2*i**3 + 3*i**2 + 10*i - 3. What is h(4)?
-43
Let g(u) = -9*u**3 - 2*u**2 - u + 1. Calculate g(2).
-81
Let j(y) = -10*y + 47. Determine j(7).
-23
Let m(c) = -23*c + 177. Give m(7).
16
Let z(n) = 5*n + 23. Calculate z(-9).
-22
Let d(m) = 5*m + 2. Calculate d(-2).
-8
Let k(a) = a + 3. Calculate k(-6).
-3
Let g(c) = 5*c + 12. Calculate g(-3).
-3
Let w(j) = -2*j + 104. What is w(0)?
104
Let j(b) = b**2 + 9*b + 11. Calculate j(-8).
3
Let t(s) = -s**3 + 8*s**2 - 7*s. Calculate t(7).
0
Let j(r) = -r + 136. Give j(0).
136
Let p(l) = 14*l - 157. Determine p(11).
-3
Let c(b) = b**3 - 7*b - 9. Determine c(-4).
-45
Let t(p) = -p**2 - 5*p + 19. Calculate t(-5).
19
Let n(b) = -24*b - 142. Determine n(-6).
2
Let x(a) = -4*a - 9. Determine x(-3).
3
Let q(f) = -2*f**2 - 6*f + 35. Calculate q(-6).
-1
Let v(b) = b**2 + b + 6. What is v(6)?
48
Let d(n) = -n**3 - 4*n**2 - 1. Give d(-4).
-1
Let u(n) = -n**3 - n - 4. Determine u(0).
-4
Let t(y) = -y**3 + 22*y**2 - 55*y - 33. Determine t(19).
5
Let i(s) = 13*s - 5. Determine i(-4).
-57
Let f(a) = -a**2 + 32*a - 64. Give f(30).
-4
Let u(b) = b**3 - 6*b**2 + 10*b + 1. What is u(4)?
9
Let t(z) = -2*z**3 + 50*z**2 + 3. Give t(25).
3
Let l(s) = -s**3 + 14*s**2 - 2*s - 156. Give l(13).
-13
Let r(v) = 4*v - 15. What is r(11)?
29
Let l(h) = -42*h - 129. What is l(-3)?
-3
Let p(z) = z**2 - 19*z - 2. Calculate p(17).
-36
Let l(q) = 4*q - 37. What is l(8)?
-5
Let n(l) = -l**3 - 9*l**2 - 17*l - 24. Determine n(-7).
-3
Let s(r) = -r**2 + 9*r - 17. Determine s(5).
3
Let r(t) = -2*t**2 - 33*t - 9. What is r(-16)?
7
Let b(r) = 5*r - 15. Determine b(-3).
-30
Let h(u) = u**3 + 4*u**2 + 2*u + 6. Determine h(-4).
-2
Let t(q) = q**2 + 35*q + 201. What is t(-27)?
-15
Let o(v) = v**2 + 9*v + 18. Determine o(-10).
28
Let i(z) = 5*z + 1. Determine i(-9).
-44
Let n(r) = -4*r**2 + 3*r - 31. What is n(-7)?
-248
Let d(h) = -h**3 - 8*h**2 + 8*h. What is d(-8)?
-64
Let j(o) = -o**3 - 7*o**2 - o + 4. What is j(-7)?
11
Let y(f) = 2*f**2 - 33*f + 106. Calculate y(13).
15
Let w(l) = -43*l**3 - 2*l**2 + l. Determine w(1).
-44
Let p(i) = i**2 + 2*i - 3. What is p(3)?
12
Let t(x) = 30*x + 3. Calculate t(-1).
-27
Let u(i) = 3*i**2 + 2*i + 1. Give u(-3).
22
Let z(r) = 18*r**2 + r - 2. Give z(2).
72
Let d(y) = 22*y**2 - 3*y. Calculate d(1).
19
Let a(z) = 2*z + 21. What is a(16)?
53
Let h(n) = n**3 + 3*n**2 - 3*n - 3. What is h(-4)?
-7
Let u(x) = -5*x - 13. Determine u(-6).
17
Let f(p) = 3*p - 3. Calculate f(4).
9
Let j(i) = -5*i + 54. Calculate j(11).
-1
Let d(r) = r**3 - 4*r**2 + r + 3. Give d(3).
-3
Let r(x) = -2*x**2 - 9. Give r(4).
-41
Let y(f) = -f**3 + 3*f**2 + 2. Determine y(3).
2
Let t(q) = 2*q**2 + 2*q - 19. Calculate t(9).
161
Let z(x) = -4*x**2 - 3*x + 14. What is z(0)?
14
Let n(f) = -2*f + 75. What is n(35)?
5
Let y(q) = 120*q + 485. Determine y(-4).
5
Let n(d) = d**2 - 4*d + 19. Calculate n(5).
24
Let m(g) = 7*g**2 - 43*g + 8. Calculate m(6).
2
Let k(f) = -f + 11. Give k(5).
6
Let v(i) = i**2 - 13*i - 12. Calculate v(14).
2
Let p(o) = -9*o - 18. Determine p(-7).
45
Let d(k) = -2*k**3 + k**2 - 9*k + 7. Calculate d(0).
7
Let q(m) = 2*m**3 + 2*m**2 + 6*m - 2. What is q(-3)?
-56
Let l(k) = 4*k - 1. What is l(0)?
-1
Let l(j) = j**3 - 10*j**2 -